rime number?
False
Is 49119740573 prime?
False
Is 38374797113 a prime number?
False
Is 123932115269 composite?
False
Is 171863312161 composite?
True
Is 10267982987 composite?
False
Is 1012038631 a prime number?
True
Is 57957781693 composite?
True
Is 864651457 prime?
True
Is 431088571 a prime number?
True
Is 5876459599 a prime number?
True
Is 12903619753 prime?
False
Is 617908309 prime?
False
Is 1295816261 a composite number?
False
Is 885118883 a composite number?
True
Is 7255447501 composite?
False
Is 1015361491 a composite number?
False
Is 61708116839 a composite number?
False
Is 45764862785 a composite number?
True
Is 1262515531 a prime number?
True
Is 727350311 composite?
True
Is 763221871 prime?
False
Is 463374181 a composite number?
False
Is 4091807557 composite?
False
Is 1398183701 a prime number?
False
Is 933132733 a prime number?
False
Is 8125182157 prime?
False
Is 681027397 a prime number?
False
Is 1820904523 prime?
True
Is 16600951511 a composite number?
False
Is 14935620523 a prime number?
False
Is 752981657 prime?
True
Is 11577794369 a prime number?
True
Is 9095641747 composite?
False
Is 1868975569 composite?
True
Is 89221546903 composite?
True
Is 457157399 a composite number?
True
Is 484025762083 a composite number?
False
Is 308729441 composite?
False
Is 761153263 prime?
False
Is 2014042 a prime number?
False
Is 4770759233 composite?
True
Is 705225821 a composite number?
True
Is 381135509 a prime number?
False
Is 140032313 a prime number?
True
Is 10493600057 prime?
True
Is 23200906754 composite?
True
Is 10648094137 composite?
False
Is 4271547197 a composite number?
False
Is 2468628731 a prime number?
True
Is 91466899 composite?
True
Is 182187141121 a prime number?
False
Is 2427281041 prime?
False
Is 3713477561 a composite number?
False
Is 68306714137 a prime number?
True
Is 4639432991 composite?
True
Is 36008553673 composite?
True
Is 114719529355 a prime number?
False
Is 463004057 composite?
False
Is 369094987 a composite number?
False
Is 3419329909 prime?
True
Is 1314506569 composite?
False
Is 6061549673 prime?
True
Is 34340439703 prime?
True
Is 1316519653 a composite number?
True
Is 57782089 composite?
False
Is 117044900671 a composite number?
False
Is 764437889 a composite number?
True
Is 32186692567 a composite number?
False
Is 191331320347 composite?
False
Is 6134408099 prime?
True
Is 2878433849 prime?
True
Is 1156576565 composite?
True
Is 982591205 a composite number?
True
Is 5709937073 a prime number?
False
Is 64046188061 prime?
True
Is 30840600929 a prime number?
True
Is 4787557949 composite?
True
Is 51271501829 a composite number?
False
Is 27003103327 composite?
False
Is 2475960503 a composite number?
False
Is 495513169 a composite number?
True
Is 4103748239 a prime number?
False
Is 50831263789 prime?
True
Is 12339363371 a composite number?
True
Is 5876257 composite?
True
Is 2703899353 a prime number?
False
Is 237896947913 composite?
True
Is 452119813 prime?
False
Is 143918921 a composite number?
False
Is 52240795639 a composite number?
True
Is 7628406839 a prime number?
True
Is 1762829377 a composite number?
False
Is 2105710811 prime?
False
Is 236945363 a composite number?
True
Is 91332417223 a prime number?
False
Is 6023570851 prime?
True
Is 43002548231 composite?
False
Is 11587507 prime?
False
Is 6695356807 composite?
True
Is 9837389719 a prime number?
True
Is 10021448743 a prime number?
True
Is 2203409921 a prime number?
True
Is 20417119231 composite?
True
Is 17343264857 a composite number?
False
Is 1308748411 a composite number?
True
Is 3062131337 a composite number?
True
Is 11505570091 a prime number?
True
Is 2925792323 prime?
True
Is 3820741333 a prime number?
False
Is 6477946991 a prime number?
False
Is 3359616131 prime?
False
Is 2679886093 prime?
True
Is 5451351761 composite?
False
Is 115477834517 composite?
True
Is 4135634093 a composite number?
False
Is 18797452907 a composite number?
False
Is 70742087249 a prime number?
True
Is 10961063929 prime?
False
Is 86999953 a prime number?
False
Is 2267459837 prime?
True
Is 4502303471 prime?
True
Is 4864386011 prime?
False
Is 23007847957 a composite number?
True
Is 1385105443 composite?
False
Is 8389226203 prime?
True
Is 21899335979 composite?
False
Is 224874037 prime?
True
Is 1803666367 composite?
True
Is 6584757979 a prime number?
True
Is 84195551039 a composite number?
False
Is 269976851 a composite number?
False
Is 353246203 a prime number?
False
Is 16750611169 a prime number?
True
Is 5559077779 composite?
True
Is 2511490043 composite?
False
Is 8357415169 a composite number?
True
Is 112816948315 a prime number?
False
Is 832721639 prime?
True
Is 92917506031 a prime number?
False
Is 221865095 prime?
False
Is 625053098 a composite number?
True
Is 82777292527 a prime number?
True
Is 22320220981 a prime number?
True
Is 8753572811 a prime number?
True
Is 4443645658 composite?
True
Is 335286751 prime?
False
Is 5578034389 composite?
False
Is 1657654843 prime?
False
Is 410406239 composite?
True
Is 24068774537 composite?
False
Is 3445976617 a composite number?
False
Is 847719511 composite?
False
Is 85292927 a prime number?
False
Is 149012608631 a prime number?
True
Is 592691194 composite?
True
Is 53771334901 a composite number?
True
Is 850755403 a prime number?
True
Is 2253648823 prime?
True
Is 1378919383 a prime number?
True
Is 2126488477 prime?
True
Is 10701204403 composite?
True
Is 464229749 composite?
False
Is 10639983727 a composite number?
False
Is 12219220007 a prime number?
False
Is 491191229 a prime number?
True
Is 2325255011 prime?
False
Is 8470232963 a prime number?
True
Is 6396571409 prime?
True
Is 130171697249 prime?
False
Is 631411369 a composite number?
False
Is 344010562339 a prime number?
True
Is 7479598913 a composite number?
False
Is 3071211277 composite?
False
Is 2682990647 a prime number?
True
Is 20388727 composite?
False
Is 22375421657 a composite number?
False
Is 1300291079 a prime number?
False
Is 50749896443 a composite number?
True
Is 8224039049 a prime number?
True
Is 31819471877 prime?
False
Is 16995255041 a composite number?
True
Is 2434472813 a composite number?
False
Is 4105556857 prime?
False
Is 18391578017 a composite number?
True
Is 16434894991 a composite number?
False
Is 9890197663 composite?
False
Is 2257239529 prime?
False
Is 592698749 prime?
False
Is 65843468473 composite?
False
Is 62140493773 a prime number?
False
Is 3969102097 prime?
True
Is 4189013717 a prime number?
False
Is 965756851 prime?
True
Is 5562780231 prime?
False
Is 5086196299 prime?
True
Is 314847127 a prime number?
False
Is 31680191579 prime?
False
Is 533455183 composite?
False
Is 13571790119 a prime number?
False
Is 176669472013 a prime number?
True
Is 3050018839 composite?
True
Is 583672699 composite?
True
Is 14215994537 prime?
False
Is 197929531 a composite number?
False
Is 17506979837 a prime number?
True
Is 5281217261 composite?
False
Is 17081006077 composite?
False
Is 212850191 a composite number?
False
Is 7152529151 a prime number?
True
Is 27170891021 a prime number?
True
Is 814082147 a composite number?
True
Is 83297122351 a composite number?
False
Is 5550490499 composite?
False
Is 20312573767 prime?
True
Is 470325805 a composite number?
True
Is 25585158367 a prime number?
True
Is 16362946253 prime?
True
Is 3402661099 a prime number?
False
Is 19352869651 composite?
True
Is 421308787 composite?
False
Is 12051994921 a composite number?
True
Is 209299442681 composite?
True
Is 26557613657 composite?
True
Is 14473074137 a prime number?
True
Is 12035071537 a prime number?
True
Is 13515159883 prime?
True
Is 3373944601 a composite number?
True
Is 68229768539 composite?
False
Is 2084789923 a composite number?
False
Is 105095269 a composite number?
False
Is 2878882711 prime?
True
Is 498022441 a composite number?
True
Is 9688943311 prime?
True
Is 5088540931 composite?
False
Is 27395784727 a composite number?
False
Is 8644744081 a prime number?
False
Is 1873318598 a composite number?
True
Is 375316085 prime?
False
Is 57400824549 a composite number?
True
Is 45691844063 a composite number?
False
Is 43776097535 a prime number?
False
Is 1856180867 prime?
True
Is 2528403509 a prime number?
True
Is 874652231 a composite number?
False
Is 445302457 a prime number?
True
Is 458772